ime factors of o/(-8) + 90/8.
11
Suppose 100*v - 96*v = 1080. List the prime factors of v.
2, 3, 5
Let w(z) = -31*z**3 + z**2 + 2*z + 1. Let q(k) = -30*k**3 + k**2 + k + 1. Let j(s) = -4*q(s) + 3*w(s). List the prime factors of j(1).
3
Suppose k - 2*m - 136 = 0, k + 0*k - 4*m - 142 = 0. List the prime factors of k.
2, 5, 13
Let c = 656 - 246. What are the prime factors of c?
2, 5, 41
Let v = 39 + -23. Suppose 3*d + v = 4*w - 10, -5*w + 15 = 5*d. Let s(o) = -o**3 - o**2 + 1. List the prime factors of s(d).
5
What are the prime factors of (358/4)/(1*2/4)?
179
Suppose -5*c + 16 = -64. Let h = 26 - c. What are the prime factors of h?
2, 5
Let h(s) be the third derivative of 7/24*s**4 + 2*s**2 + 3/2*s**3 + 0 + 1/60*s**5 + 0*s. What are the prime factors of h(-7)?
3
Suppose 5*p - 11 = 9. What are the prime factors of p?
2
Let m = -26 - -50. List the prime factors of m.
2, 3
Let f(y) = 3*y**3 + 5*y**2 - 2*y - 6. List the prime factors of f(3).
2, 3, 19
Suppose o = -0*o + 3. Suppose 3*l - o*h - 21 = h, -2*h - 6 = 0. List the prime factors of l.
3
What are the prime factors of (1 + 39)/(24/36)?
2, 3, 5
Let i = 70 - 98. Let g = i - -33. What are the prime factors of g?
5
Let y be 8 - 3*4/(-6). What are the prime factors of 4/10 + 66/y?
7
Let v(r) be the first derivative of r**2/2 + 6*r - 8. List the prime factors of v(3).
3
Let l(h) = -6*h**2 + 2*h - 1. Let m be l(3). Let d be (-4)/14 + (-749)/m. Suppose 0 = q - 0*q - d. What are the prime factors of q?
3, 5
Suppose 2*p - 135 = 21. What are the prime factors of p?
2, 3, 13
Let o = -364 + 643. List the prime factors of o.
3, 31
Let s = -105 + 204. Suppose s - 34 = 5*a. Let c = 24 - a. List the prime factors of c.
11
Let i be (-1 - (0 - 0)) + -3. Let x(n) = -2*n**3 - 6*n**2 - 5*n - 4. Let h be x(i). Suppose 0 = 3*r - 7*r + h. List the prime factors of r.
2, 3
Let w(u) be the first derivative of 4*u**3/3 + 2*u**2 + 3*u - 5. Let b(f) = -3*f + 1. Let v be b(1). List the prime factors of w(v).
11
List the prime factors of ((-3)/((-48)/(-20)))/((-3)/288).
2, 3, 5
Let u be (-2 + 98)/(6/4). Suppose -5*o = -3*j + u, 5*j - 70 = 2*j - o. What are the prime factors of j?
23
Suppose -19*o + 8904 = 2*o. List the prime factors of o.
2, 53
Suppose 8*b - 3*b - 100 = 0. Suppose 3*w + 0*j - j - 4 = 0, 5*w = 5*j. Suppose -1 = -c - w*x, -3*x = -5*c - 8*x + b. List the prime factors of c.
7
Suppose -3*h - 18 = -3*t, 0*h = 5*h. Suppose 0*x = -x + t. Suppose -m - x = -23. What are the prime factors of m?
17
Let w be (-2)/(-6) + (-598)/(-69). Let b(i) = -3 + 3 + i. What are the prime factors of b(w)?
3
Let w = -9 + 16. List the prime factors of (-210)/(-49) + (-2)/w.
2
List the prime factors of (6 - (0 + 1)*2) + 196.
2, 5
Suppose -3*p + 4*p = 2. Suppose -3*m - 8 = -p*m. What are the prime factors of 8/6 - m/12?
2
Let i(m) = -m**2 - 2*m + 3. Let z be i(-4). Let o = z + 7. Suppose 0 = 4*c - 58 + o. List the prime factors of c.
2, 7
Suppose s = -3*o + 41, 3*s + 3*o - 82 = s. What are the prime factors of s?
41
Suppose 7*t + 454 - 1350 = 0. What are the prime factors of t?
2
Let c(m) = m**3 + 12*m**2 - m. Let u be c(-12). Suppose -u*h = -11*h - 13. List the prime factors of h.
13
Suppose -31 = -4*t - s, -3*s = 2*t - 2 - 11. What are the prime factors of (5/1)/(8/t)?
5
Suppose 6 = b + 2. Suppose -l + 2 = -2, b*q + 4*l - 24 = 0. Suppose -5*r - 3*h - q*h + 30 = 0, 4*r = -2*h + 26. List the prime factors of r.
7
Let s be (-1 + 1)/(-4 - -2). Let t(q) = 6*q + 1. Let c(r) = -5*r - 2. Let z(v) = -5*c(v) - 4*t(v). List the prime factors of z(s).
2, 3
Suppose 0 = -43*s + 38*s + 875. What are the prime factors of s?
5, 7
Suppose 0 = g - 3*i - 6, -3*g + 4*i + 4 = -19. What are the prime factors of g?
3
Suppose 3*u - 4 = 7*u. What are the prime factors of 856/32 - u/4?
3
Suppose i - 12 = -2*r - 2*r, -5*r = -4*i + 69. List the prime factors of i.
2
Let n(b) = b**2 + 5*b + 6. Let o be n(-6). Suppose 0*a - 13 = -a - 2*j, 2*j = 4*a - o. What are the prime factors of (a/(-4))/(2/(-24))?
3, 5
Suppose 2*g + 70 = -4*b + 394, -4*g - 8 = 0. What are the prime factors of b?
2, 41
Suppose -684 = -5*q + 2*h, -2*q + 264 = -0*q + 4*h. List the prime factors of q.
2, 17
Let y be 3 - (3 + 7)/1. Let g = y + 8. What are the prime factors of 41/6 - g/(-6)?
7
Let k be (-5)/(-30) - 1/6. Let d = k + 7. List the prime factors of d.
7
Let x = 9 - -4. What are the prime factors of x?
13
Suppose -4*c = -2*c - 44. Let b = -6 + c. List the prime factors of b.
2
Suppose 5*g = t - 4 + 245, 49 = g - t. Let k = 33 - g. Let l = k - -22. What are the prime factors of l?
7
Suppose -3*f + 23 = -5*r - 20, -5 = -f - 3*r. List the prime factors of f.
11
Let c(v) = -5*v + 13. Let a be c(11). Let x = a + 59. List the prime factors of x.
17
Let b(s) = -s + 10. Let h be 10*(-4)/10*-2. Let u be b(h). Suppose 0 = u*n - 2 - 16. What are the prime factors of n?
3
Let i(q) = 3*q**3 - 24*q**2 + 15*q + 9. Let u(c) = 2*c**3 - 16*c**2 + 10*c + 6. Let j(r) = -5*i(r) + 7*u(r). Let m = 1 + 6. What are the prime factors of j(m)?
11
Let p(v) = -v + 18. Let f be (-2)/4*-1*8. Suppose -5*d + 3*d = 3*i + 9, 3*i = -f*d - 9. List the prime factors of p(d).
2, 3
Let m be (0 + 1 - -1)*2. Suppose -5*g + 5 = -m*y, y = -3*g + 6*g - 10. Suppose 2*d + 3*d + 3*k - 48 = 0, y*d + 4*k - 44 = 0. What are the prime factors of d?
2, 3
Let q(a) = a**2 - a + 34. Let m be q(0). What are the prime factors of (m - (-2 + 0)) + 2?
2, 19
Let i = 9 + -24. List the prime factors of i/(-4) + 9/(-12).
3
Suppose 0 = -t - n - 2, 3*t - 6 = 2*n + n. Let f = t - -5. Suppose 4*p + i - 30 = 0, f*p - 5*i = p + 18. What are the prime factors of p?
7
Let p be (-102)/8 + (-8)/32. Let c = 7 + p. List the prime factors of 210/12 + c/(-4).
19
Suppose 4*j = j + 93. What are the prime factors of j?
31
Let v(b) = 3*b + 15. List the prime factors of v(7).
2, 3
Let b(f) = -f**2 + 7*f - 9. Let s be b(9). Let w = s + 32. What are the prime factors of w?
5
Suppose 5 = x - 4*z, -x - 3*z + 5 = -5*z. Suppose 3*g - x = 2*g, -w = -g + 6. What are the prime factors of 3 - (w + -2 + 3)?
3
Suppose -23 = -5*r + 27. Let s = 14 - r. List the prime factors of s.
2
Suppose 26 = 2*i - 4. Suppose 0 = -5*j + 2*y + 20, -y = 2*y - i. What are the prime factors of (28/j)/((-4)/(-6))?
7
Suppose 3*q - h - 394 = -2*h, -640 = -5*q - 5*h. List the prime factors of q.
7, 19
Suppose 4*k - 197 - 15 = 0. List the prime factors of k.
53
Suppose -3*t = -25 - 251. List the prime factors of t.
2, 23
Let s = 1 - -2. List the prime factors of s.
3
Let h(b) = 2*b + 1. Let q be h(-3). Let k be ((-28)/q)/((-4)/(-20)). Suppose -7 = -3*i + w + 33, -w - k = -2*i. What are the prime factors of i?
2, 3
Suppose c + c = 0. Let g be 1 + -2 - c - -5. Suppose -j + g = -0. List the prime factors of j.
2
Suppose 0 = -5*a + 10. Let o = 18 - a. Suppose -i + 0 + 1 = 0, 2*t - 4*i = o. What are the prime factors of t?
2, 5
Suppose -72 = -2*r - 4*k - 20, -4*r + k + 140 = 0. What are the prime factors of r?
2, 17
Let g(z) = z**3 + 9*z**2 + 3*z + 1. List the prime factors of g(-8).
41
Let l = -95 + 292. List the prime factors of l.
197
Let o be 32/10*(-2 + -3). Let p = o - -39. What are the prime factors of p?
23
Suppose -397 = -5*c + 608. List the prime factors of c.
3, 67
Suppose -3*l = 3*u - 129, 0 = 5*u - 0*u + 20. Suppose -l - 59 = -5*f + 4*i, 24 = 2*f + 3*i. What are the prime factors of f?
2, 3
Let i = -42 + 91. List the prime factors of i.
7
Suppose 5*l - 2*c + 20 = 3*c, 4*l - 3*c = -18. Let s(d) be the first derivative of -d**2 + 2*d - 5. List the prime factors of s(l).
2, 7
Let y(a) = -a**3 - 5*a**2 - 5*a + 2. List the prime factors of y(-5).
3
What are the prime factors of 6/(-12)*(-1 + -105)?
53
Let d be (8/(-12))/(2/(-27)). Let y(h) = h - 2. What are the prime factors of y(d)?
7
Suppose 2*z + 5*k - 11 = 0, 2*z + 2*k + 0 + 4 = 0. Let i = -3 - z. Let c = 6 + i. List the prime factors of c.
2, 5
Let p be 4 + 1 + -4 - 1. Let g(x) = 2*x**2 - x**2 - 5 + 17. What are the prime factors of g(p)?
2, 3
Suppose 5*z - 8*z + 201 = 0. What are the prime factors of z?
67
Suppose 2 + 143 = 5*x. Let g = x - 21. What are the prime factors of g?
2
Let q(f) = f**3 + 7*f**2 + 6*f + 3. Let l be q(-6). What are the prime factors of (l - -2*10)/1?
23
Let h(y) = -y**3 - 6*y**2 + 8*y + 10. What are the prime factors of 